{"id":611,"date":"2012-06-19T13:22:03","date_gmt":"2012-06-19T18:22:03","guid":{"rendered":"http:\/\/capoeirakarkara.com\/?page_id=611"},"modified":"2019-07-08T12:58:50","modified_gmt":"2019-07-08T17:58:50","slug":"capoeira-music","status":"publish","type":"page","link":"http:\/\/www.capoeirakarkara.org\/?page_id=611","title":{"rendered":"Capoeira Music"},"content":{"rendered":"\n<figure class=\"wp-block-embed-facebook wp-block-embed is-type-video is-provider-facebook\"><div class=\"wp-block-embed__wrapper\">\n<div id=\"fb-root\"><\/div><script async=\"1\" defer=\"1\" crossorigin=\"anonymous\" src=\"https:\/\/connect.facebook.net\/en_US\/sdk.js#xfbml=1&amp;version=v3.3\"><\/script><div class=\"fb-video\" data-href=\"https:\/\/www.facebook.com\/capoeirakarkara\/videos\/681326812223210\/\" data-width=\"900\"><blockquote cite=\"https:\/\/www.facebook.com\/capoeirakarkara\/videos\/681326812223210\/\" class=\"fb-xfbml-parse-ignore\"><a href=\"https:\/\/www.facebook.com\/capoeirakarkara\/videos\/681326812223210\/\"><\/a><p>Meu Berimbau instrumento genial#berimbaugunga #r\u00edtimodeangola#angolarhythm#mestrebetinho<\/p>Posted by <a href=\"https:\/\/www.facebook.com\/capoeirakarkara\/\">Capoeira Karkara FL USA<\/a> on Thursday, September 20, 2018<\/blockquote><\/div>\n<\/div><figcaption><em>Mestre Betinho demonstrates the berimbau<\/em><\/figcaption><\/figure>\n\n\n\n<p style=\"text-align:center\" class=\"has-medium-font-size\">If there is one thing that makes capoeira standout from the crowd it is the music! The music is an integral portion of capoeira and without it the Ax\u00e9 or energy would not exist. <\/p>\n\n\n\n<p style=\"text-align:center\" class=\"has-medium-font-size\">We have music class for all ages. <br>Adults Music Class (Ages 11 and up) &#8211; Wednesday at 7:30 pm<br>Kids Music Class (Ages 5 to 13) &#8211; Friday at 5:00 pm<\/p>\n\n\n\n<h1 style=\"text-align:center\"><strong>The Instruments of Capoeira<\/strong><\/h1>\n\n\n\n<h4 style=\"text-align:center\"><strong>The Berimbau<\/strong><\/h4>\n\n\n\n<p style=\"text-align:center\">The Berimbau is the main instrument of the Bateria (musical accompaniment) that dictates and orchestrates the roda (where we play capoeira). The berimbau is made of simple parts that you can see in the image below. It is a piece of wood, a wire, a gourd, a shaker, rock (or coin), and a stick. <\/p>\n\n\n\n<div class=\"wp-block-image\"><figure class=\"aligncenter is-resized\"><img loading=\"lazy\" src=\"http:\/\/capoeirakarkara.com\/wp-content\/uploads\/2019\/06\/xBerimbau-Parts.jpg.pagespeed.ic_.echt0mA_62.jpg\" alt=\"\" class=\"wp-image-3509\" width=\"504\" height=\"328\" srcset=\"http:\/\/www.capoeirakarkara.org\/wp-content\/uploads\/2019\/06\/xBerimbau-Parts.jpg.pagespeed.ic_.echt0mA_62.jpg 400w, http:\/\/www.capoeirakarkara.org\/wp-content\/uploads\/2019\/06\/xBerimbau-Parts.jpg.pagespeed.ic_.echt0mA_62-300x195.jpg 300w, http:\/\/www.capoeirakarkara.org\/wp-content\/uploads\/2019\/06\/xBerimbau-Parts.jpg.pagespeed.ic_.echt0mA_62-150x98.jpg 150w\" sizes=\"(max-width: 504px) 100vw, 504px\" \/><\/figure><\/div>\n\n\n\n<figure class=\"wp-block-embed-youtube wp-block-embed is-type-video is-provider-youtube wp-embed-aspect-16-9 wp-has-aspect-ratio\"><div class=\"wp-block-embed__wrapper\">\n<iframe loading=\"lazy\" width=\"900\" height=\"506\" src=\"https:\/\/www.youtube.com\/embed\/lESUAUQp_Zs?feature=oembed\" frameborder=\"0\" allow=\"accelerometer; autoplay; encrypted-media; gyroscope; picture-in-picture\" allowfullscreen><\/iframe>\n<\/div><figcaption>What is a berimbau?<\/figcaption><\/figure>\n\n\n\n<h2 style=\"text-align:center\"><strong>  &#8220;O que \u00e9 berimbau&#8221; <\/strong><\/h2>\n\n\n\n<p>O que \u00e9 berimbau? <br><strong>Uma caba\u00e7a, um arame, um peda\u00e7o de pau. <\/strong> <br>O que \u00e9 berimbau? <br><strong>Uma caba\u00e7a, um arame, um peda\u00e7o de pau.  <\/strong><br>Olha como \u00e9 gostoso tocar berimbau, Uma caba\u00e7a, um arame, um peda\u00e7o de pau.  <br><strong>Como \u00e9 gostoso tocar berimbau Uma caba\u00e7a, um arame, um peda\u00e7o de pau.<\/strong>  <br>Oh l\u00e1 e l\u00e1 e l\u00e1! <br><strong>Oh l\u00ea l\u00ea <\/strong><br>Oh l\u00e1 e l\u00e1 e l\u00e1! <br><strong>O l\u00e1 e l\u00e1 e l\u00e1! <\/strong><br>O l\u00ea l\u00ea O l\u00e1 e l\u00e1 e l\u00e1!  <br><\/p>\n\n\n\n<p>The above is what we refer to as a corrido &#8211; these are quick songs that typically sing about capoeira or historical content surrounding capoeira. This one in particular sings of the berimbau and what it is comprised of. The bold sentences are the chorus and that is the portion that the audience calls in response to the verse from the main singer. <\/p>\n\n\n\n<h4 style=\"text-align:center\"><strong>The Pandeiro<\/strong><\/h4>\n\n\n\n<div class=\"wp-block-image\"><figure class=\"aligncenter\"><img loading=\"lazy\" width=\"281\" height=\"188\" src=\"http:\/\/capoeirakarkara.com\/wp-content\/uploads\/2019\/06\/Pandeiro-Parts.jpg\" alt=\"\" class=\"wp-image-3510\" srcset=\"http:\/\/www.capoeirakarkara.org\/wp-content\/uploads\/2019\/06\/Pandeiro-Parts.jpg 281w, http:\/\/www.capoeirakarkara.org\/wp-content\/uploads\/2019\/06\/Pandeiro-Parts-150x100.jpg 150w\" sizes=\"(max-width: 281px) 100vw, 281px\" \/><figcaption>Hand drum or tambourine<\/figcaption><\/figure><\/div>\n\n\n\n<figure class=\"wp-block-embed-youtube aligncenter wp-block-embed is-type-video is-provider-youtube wp-embed-aspect-16-9 wp-has-aspect-ratio\"><div class=\"wp-block-embed__wrapper\">\n<iframe loading=\"lazy\" width=\"900\" height=\"506\" src=\"https:\/\/www.youtube.com\/embed\/WkhA1YWy9sQ?feature=oembed\" frameborder=\"0\" allow=\"accelerometer; autoplay; encrypted-media; gyroscope; picture-in-picture\" allowfullscreen><\/iframe>\n<\/div><\/figure>\n\n\n\n<p style=\"text-align:center\">The pandeiro is a very versatile instrument that accompanies the berimbau and helps comprise the bateria. <\/p>\n\n\n\n<h4 style=\"text-align:center\"><strong>The Atabaque<\/strong><\/h4>\n\n\n\n<div class=\"wp-block-image\"><figure class=\"aligncenter\"><img loading=\"lazy\" width=\"236\" height=\"196\" src=\"http:\/\/capoeirakarkara.com\/wp-content\/uploads\/2019\/06\/Atabaque-Parts.jpg\" alt=\"\" class=\"wp-image-3511\" srcset=\"http:\/\/www.capoeirakarkara.org\/wp-content\/uploads\/2019\/06\/Atabaque-Parts.jpg 236w, http:\/\/www.capoeirakarkara.org\/wp-content\/uploads\/2019\/06\/Atabaque-Parts-150x125.jpg 150w\" sizes=\"(max-width: 236px) 100vw, 236px\" \/><\/figure><\/div>\n\n\n\n<p style=\"text-align:center\">While the berimbau is the lead instrument and typically three berimbaus of different pitches &#8211; the atabaque really holds the rhythm and carries the bateria.<\/p>\n\n\n\n<figure class=\"wp-block-embed-youtube aligncenter wp-block-embed is-type-video is-provider-youtube wp-embed-aspect-16-9 wp-has-aspect-ratio\"><div class=\"wp-block-embed__wrapper\">\n<iframe loading=\"lazy\" width=\"900\" height=\"506\" src=\"https:\/\/www.youtube.com\/embed\/3jclZrX4uQo?feature=oembed\" frameborder=\"0\" allow=\"accelerometer; autoplay; encrypted-media; gyroscope; picture-in-picture\" allowfullscreen><\/iframe>\n<\/div><figcaption><br><\/figcaption><\/figure>\n\n\n\n<p style=\"text-align:center\" class=\"has-medium-font-size\">Join us for music class weekly and come to the weekly roda to see the music in action with the jogo!<\/p>\n","protected":false},"excerpt":{"rendered":"<p>If there is one thing that makes capoeira standout from the crowd it is the music! The music is an integral portion of capoeira and without it the Ax\u00e9 or energy would not exist. We have music class for all ages. Adults Music Class (Ages 11 and up) &#8211; Wednesday\u2026<\/p>\n<p class=\"continue-reading-button\"> <a class=\"continue-reading-link\" href=\"http:\/\/www.capoeirakarkara.org\/?page_id=611\"><i class=\"crycon-right-dir\"><\/i><\/a><\/p>\n","protected":false},"author":1,"featured_media":3498,"parent":5,"menu_order":4,"comment_status":"closed","ping_status":"open","template":"","meta":[],"_links":{"self":[{"href":"http:\/\/www.capoeirakarkara.org\/index.php?rest_route=\/wp\/v2\/pages\/611"}],"collection":[{"href":"http:\/\/www.capoeirakarkara.org\/index.php?rest_route=\/wp\/v2\/pages"}],"about":[{"href":"http:\/\/www.capoeirakarkara.org\/index.php?rest_route=\/wp\/v2\/types\/page"}],"author":[{"embeddable":true,"href":"http:\/\/www.capoeirakarkara.org\/index.php?rest_route=\/wp\/v2\/users\/1"}],"replies":[{"embeddable":true,"href":"http:\/\/www.capoeirakarkara.org\/index.php?rest_route=%2Fwp%2Fv2%2Fcomments&post=611"}],"version-history":[{"count":38,"href":"http:\/\/www.capoeirakarkara.org\/index.php?rest_route=\/wp\/v2\/pages\/611\/revisions"}],"predecessor-version":[{"id":3596,"href":"http:\/\/www.capoeirakarkara.org\/index.php?rest_route=\/wp\/v2\/pages\/611\/revisions\/3596"}],"up":[{"embeddable":true,"href":"http:\/\/www.capoeirakarkara.org\/index.php?rest_route=\/wp\/v2\/pages\/5"}],"wp:featuredmedia":[{"embeddable":true,"href":"http:\/\/www.capoeirakarkara.org\/index.php?rest_route=\/wp\/v2\/media\/3498"}],"wp:attachment":[{"href":"http:\/\/www.capoeirakarkara.org\/index.php?rest_route=%2Fwp%2Fv2%2Fmedia&parent=611"}],"curies":[{"name":"wp","href":"https:\/\/api.w.org\/{rel}","templated":true}]}}

<figure class="wp-block-embed-facebook wp-block-embed is-type-video is-provider-facebook"><div class="wp-block-embed__wrapper">
<div id="fb-root"></div><script async="1" defer="1" crossorigin="anonymous" src="https://connect.facebook.net/en_US/sdk.js#xfbml=1&amp;version=v3.3"></script><div class="fb-video" data-href="https://www.facebook.com/capoeirakarkara/videos/681326812223210/" data-width="900"><blockquote cite="https://www.facebook.com/capoeirakarkara/videos/681326812223210/" class="fb-xfbml-parse-ignore"><a href="https://www.facebook.com/capoeirakarkara/videos/681326812223210/"></a><p>Meu Berimbau instrumento genial#berimbaugunga #rítimodeangola#angolarhythm#mestrebetinho</p>Posted by <a href="https://www.facebook.com/capoeirakarkara/">Capoeira Karkara FL USA</a> on Thursday, September 20, 2018</blockquote></div>
</div><figcaption><em>Mestre Betinho demonstrates the berimbau</em></figcaption></figure>



<p style="text-align:center" class="has-medium-font-size">If there is one thing that makes capoeira standout from the crowd it is the music! The music is an integral portion of capoeira and without it the Axé or energy would not exist. </p>



<p style="text-align:center" class="has-medium-font-size">We have music class for all ages. <br>Adults Music Class (Ages 11 and up) &#8211; Wednesday at 7:30 pm<br>Kids Music Class (Ages 5 to 13) &#8211; Friday at 5:00 pm</p>



<h1 style="text-align:center"><strong>The Instruments of Capoeira</strong></h1>



<h4 style="text-align:center"><strong>The Berimbau</strong></h4>



<p style="text-align:center">The Berimbau is the main instrument of the Bateria (musical accompaniment) that dictates and orchestrates the roda (where we play capoeira). The berimbau is made of simple parts that you can see in the image below. It is a piece of wood, a wire, a gourd, a shaker, rock (or coin), and a stick. </p>



<div class="wp-block-image"><figure class="aligncenter is-resized"><img loading="lazy" src="http://capoeirakarkara.com/wp-content/uploads/2019/06/xBerimbau-Parts.jpg.pagespeed.ic_.echt0mA_62.jpg" alt="" class="wp-image-3509" width="504" height="328" srcset="http://www.capoeirakarkara.org/wp-content/uploads/2019/06/xBerimbau-Parts.jpg.pagespeed.ic_.echt0mA_62.jpg 400w, http://www.capoeirakarkara.org/wp-content/uploads/2019/06/xBerimbau-Parts.jpg.pagespeed.ic_.echt0mA_62-300x195.jpg 300w, http://www.capoeirakarkara.org/wp-content/uploads/2019/06/xBerimbau-Parts.jpg.pagespeed.ic_.echt0mA_62-150x98.jpg 150w" sizes="(max-width: 504px) 100vw, 504px" /></figure></div>



<figure class="wp-block-embed-youtube wp-block-embed is-type-video is-provider-youtube wp-embed-aspect-16-9 wp-has-aspect-ratio"><div class="wp-block-embed__wrapper">
<iframe loading="lazy" width="900" height="506" src="https://www.youtube.com/embed/lESUAUQp_Zs?feature=oembed" frameborder="0" allow="accelerometer; autoplay; encrypted-media; gyroscope; picture-in-picture" allowfullscreen></iframe>
</div><figcaption>What is a berimbau?</figcaption></figure>



<h2 style="text-align:center"><strong>  &#8220;O que é berimbau&#8221; </strong></h2>



<p>O que é berimbau? <br><strong>Uma cabaça, um arame, um pedaço de pau. </strong> <br>O que é berimbau? <br><strong>Uma cabaça, um arame, um pedaço de pau.  </strong><br>Olha como é gostoso tocar berimbau, Uma cabaça, um arame, um pedaço de pau.  <br><strong>Como é gostoso tocar berimbau Uma cabaça, um arame, um pedaço de pau.</strong>  <br>Oh lá e lá e lá! <br><strong>Oh lê lê </strong><br>Oh lá e lá e lá! <br><strong>O lá e lá e lá! </strong><br>O lê lê O lá e lá e lá!  <br></p>



<p>The above is what we refer to as a corrido &#8211; these are quick songs that typically sing about capoeira or historical content surrounding capoeira. This one in particular sings of the berimbau and what it is comprised of. The bold sentences are the chorus and that is the portion that the audience calls in response to the verse from the main singer. </p>



<h4 style="text-align:center"><strong>The Pandeiro</strong></h4>



<div class="wp-block-image"><figure class="aligncenter"><img loading="lazy" width="281" height="188" src="http://capoeirakarkara.com/wp-content/uploads/2019/06/Pandeiro-Parts.jpg" alt="" class="wp-image-3510" srcset="http://www.capoeirakarkara.org/wp-content/uploads/2019/06/Pandeiro-Parts.jpg 281w, http://www.capoeirakarkara.org/wp-content/uploads/2019/06/Pandeiro-Parts-150x100.jpg 150w" sizes="(max-width: 281px) 100vw, 281px" /><figcaption>Hand drum or tambourine</figcaption></figure></div>



<figure class="wp-block-embed-youtube aligncenter wp-block-embed is-type-video is-provider-youtube wp-embed-aspect-16-9 wp-has-aspect-ratio"><div class="wp-block-embed__wrapper">
<iframe loading="lazy" width="900" height="506" src="https://www.youtube.com/embed/WkhA1YWy9sQ?feature=oembed" frameborder="0" allow="accelerometer; autoplay; encrypted-media; gyroscope; picture-in-picture" allowfullscreen></iframe>
</div></figure>



<p style="text-align:center">The pandeiro is a very versatile instrument that accompanies the berimbau and helps comprise the bateria. </p>



<h4 style="text-align:center"><strong>The Atabaque</strong></h4>



<div class="wp-block-image"><figure class="aligncenter"><img loading="lazy" width="236" height="196" src="http://capoeirakarkara.com/wp-content/uploads/2019/06/Atabaque-Parts.jpg" alt="" class="wp-image-3511" srcset="http://www.capoeirakarkara.org/wp-content/uploads/2019/06/Atabaque-Parts.jpg 236w, http://www.capoeirakarkara.org/wp-content/uploads/2019/06/Atabaque-Parts-150x125.jpg 150w" sizes="(max-width: 236px) 100vw, 236px" /></figure></div>



<p style="text-align:center">While the berimbau is the lead instrument and typically three berimbaus of different pitches &#8211; the atabaque really holds the rhythm and carries the bateria.</p>



<figure class="wp-block-embed-youtube aligncenter wp-block-embed is-type-video is-provider-youtube wp-embed-aspect-16-9 wp-has-aspect-ratio"><div class="wp-block-embed__wrapper">
<iframe loading="lazy" width="900" height="506" src="https://www.youtube.com/embed/3jclZrX4uQo?feature=oembed" frameborder="0" allow="accelerometer; autoplay; encrypted-media; gyroscope; picture-in-picture" allowfullscreen></iframe>
</div><figcaption><br></figcaption></figure>



<p style="text-align:center" class="has-medium-font-size">Join us for music class weekly and come to the weekly roda to see the music in action with the jogo!</p>

<p>If there is one thing that makes capoeira standout from the crowd it is the music! The music is an integral portion of capoeira and without it the Axé or energy would not exist. We have music class for all ages. Adults Music Class (Ages 11 and up) &#8211; Wednesday…</p>
<p class="continue-reading-button"> <a class="continue-reading-link" href="http://www.capoeirakarkara.org/?page_id=611"><i class="crycon-right-dir"></i></a></p>
